24712 is divided by 324686.
26
Calculate the remainder when 539587 is divided by 834.
823
What is the remainder when 58429269 is divided by 1551?
1548
What is the remainder when 78189637 is divided by 79704?
13
Calculate the remainder when 8942951 is divided by 223568.
231
What is the remainder when 7976158 is divided by 22?
14
Calculate the remainder when 1052382 is divided by 481.
435
What is the remainder when 155983 is divided by 155476?
507
Calculate the remainder when 729937 is divided by 2466.
1
What is the remainder when 890760 is divided by 1216?
648
What is the remainder when 7173655 is divided by 1793412?
7
What is the remainder when 74904 is divided by 399?
291
What is the remainder when 2294474 is divided by 464?
458
Calculate the remainder when 235804 is divided by 4420.
1544
Calculate the remainder when 18280 is divided by 4930.
3490
Calculate the remainder when 2127411 is divided by 354568.
3
What is the remainder when 110223240 is divided by 13?
10
What is the remainder when 94200014 is divided by 75?
14
What is the remainder when 436651 is divided by 31188?
19
Calculate the remainder when 6330086 is divided by 542.
68
Calculate the remainder when 22489585 is divided by 7731.
106
Calculate the remainder when 267921 is divided by 33448.
337
Calculate the remainder when 639486 is divided by 5159.
4929
Calculate the remainder when 5091250 is divided by 324.
238
Calculate the remainder when 1227272 is divided by 23600.
72
Calculate the remainder when 3334684 is divided by 22840.
44
What is the remainder when 124133102 is divided by 16?
14
What is the remainder when 3429075 is divided by 406?
405
Calculate the remainder when 3298889 is divided by 4098.
4097
Calculate the remainder when 39842086 is divided by 169.
167
Calculate the remainder when 426519 is divided by 134.
131
What is the remainder when 1432310 is divided by 731?
281
Calculate the remainder when 52813 is divided by 8432.
2221
What is the remainder when 98531 is divided by 1493?
1486
What is the remainder when 1943054 is divided by 485761?
10
What is the remainder when 47531079 is divided by 9474?
21
What is the remainder when 7491705 is divided by 4462?
7
What is the remainder when 28583120 is divided by 121?
16
What is the remainder when 10696698 is divided by 9269?
272
Calculate the remainder when 3576912 is divided by 228.
48
What is the remainder when 5838500820 is divided by 15862?
15860
What is the remainder when 26208302 is divided by 2097?
2093
Calculate the remainder when 338389 is divided by 2625.
2389
What is the remainder when 39963414 is divided by 80?
54
Calculate the remainder when 80096839 is divided by 73.
71
What is the remainder when 58888337 is divided by 237?
236
What is the remainder when 5944209 is divided by 138?
135
Calculate the remainder when 36883 is divided by 6677.
3498
Calculate the remainder when 13380236 is divided by 6690083.
70
What is the remainder when 6034092 is divided by 14?
8
What is the remainder when 15649676 is divided by 7824786?
104
Calculate the remainder when 3396984 is divided by 42995.
379
What is the remainder when 1162116 is divided by 1162115?
1
What is the remainder when 4162826 is divided by 4?
2
Calculate the remainder when 1470147 is divided by 188.
175
What is the remainder when 1990145 is divided by 1036?
1025
Calculate the remainder when 1140685 is divided by 22.
7
Calculate the remainder when 19900254 is divided by 381.
243
Calculate the remainder when 14875 is divided by 4003.
2866
Calculate the remainder when 7352 is divided by 1042.
58
What is the remainder when 6377484 is divided by 392?
36
What is the remainder when 19976499 is divided by 2648?
2635
What is the remainder when 546489 is divided by 1148?
41
What is the remainder when 78245 is divided by 6309?
2537
Calculate the remainder when 722763 is divided by 90345.
3
Calculate the remainder when 330481804 is divided by 21.
16
Calculate the remainder when 15836145 is divided by 352.
17
Calculate the remainder when 42313 is divided by 867.
697
What is the remainder when 42849055 is divided by 2393?
2390
What is the remainder when 104193 is divided by 25898?
601
What is the remainder when 162109 is divided by 1011?
349
What is the remainder when 1594245 is divided by 86?
63
Calculate the remainder when 495201 is divided by 2927.
538
Calculate the remainder when 7057469 is divided by 49010.
29
Calculate the remainder when 8077393 is divided by 885.
883
Calculate the remainder when 2923864 is divided by 69615.
34
What is the remainder when 1597136 is divided by 285?
281
Calculate the remainder when 855231 is divided by 905.
6
What is the remainder when 7382721 is divided by 52732?
241
Calculate the remainder when 529516413 is divided by 32.
29
What is the remainder when 437131639 is divided by 44?
43
Calculate the remainder when 2341789 is divided by 11593.
3
Calculate the remainder when 100850 is divided by 1813.
1135
Calculate the remainder when 192713748 is divided by 125.
123
What is the remainder when 63915883 is divided by 323?
320
What is the remainder when 9546175 is divided by 45?
10
Calculate the remainder when 4821815 is divided by 241090.
15
Calculate the remainder when 58831869 is divided by 264.
261
What is the remainder when 39782 is divided by 9651?
1178
What is the remainder when 32490869 is divided by 22?
15
What is the remainder when 239388 is divided by 32120?
14548
What is the remainder when 5486797 is divided by 6?
1
What is the remainder when 1103304 is divided by 1265?
224
What is the remainder when 234174 is divided by 15608?
54
What is the remainder when 10657434 is divided by 509?
501
Calculate the remainder when 5562574 is divided by 18419.
36
What is the remainder when 63067422 is divided by 1401?
6
What is the remainder when 1273521 is divided by 84892?
141
What is the remainder when 1217911 is divided by 19326?
373
What is the remainder when 5686843 is divided by 49?
1
Calculate the remainder when 115156 is divided by 11466.
496
Calculate the remainder when 131830878 is divided by 266325.
3
Calculate the remainder when 42277103 is divided by 65.
63
What is the remainder when 5178036 is divided by 2588997?
42
What is the remainder when 582582 is divided by 38831?
117
Calculate the remainder when 20448821 is divided by 501.
5
Calculate the remainder when 972064 is divided by 3484.
28
Calculate the remainder when 6522947 is divided by 1894.
11
Calculate the remainder when 8808373 is divided by 63.
28
What is the remainder when 13419644 is divided by 188?
16
Calculate the remainder when 5982159 is divided by 2991077.
5
What is the remainder when 25248457 is divided by 188?
57
Calculate the remainder when 15373485 is divided by 1333.
1329
What is the remainder when 318360 is divided by 318279?
81
What is the remainder when 73075524 is divided by 1597?
1595
What is the remainder when 44068666 is divided by 30?
16
Calculate the remainder when 355228 is divided by 44318.
684
Calculate the remainder when 8626142 is divided by 145.
92
Calculate the remainder when 1183377 is divided by 1918.
1889
Calculate the remainder when 139666 is divided by 139607.
59
What is the remainder when 3429247 is divided by 23?
16
What is the remainder when 19792291 is divided by 123?
115
What is the remainder when 288363 is divided by 22180?
23
What is the remainder when 42990381 is divided by 1589?
1575
What is the remainder when 19207448 is divided by 2?
0
What is the remainder when 2925592 is divided by 2213?
6
What is the remainder when 199520 is divided by 161?
41
What is the remainder when 50487 is divided by 6963?
1746
Calculate the remainder when 68141 is divided by 2258.
401
Calculate the remainder when 2850477 is divided by 619.
601
What is the remainder when 877085 is divided by 3537?
3446
What is the remainder when 820849 is divided by 18?
13
Calculate the remainder when 67860373 is divided by 33930181.
11
What is the remainder when 231955 is divided by 46251?
700
Calculate the remainder when 200394 is divided by 149.
138
Calculate the remainder when 14341 is divided by 4739.
124
Calculate the remainder when 3362711 is divided by 1681346.
19
What is the remainder when 92707 is divided by 254?
251
What is the remainder when 14551673 is d